70 and 4726.
34
Calculate the highest common divisor of 1437 and 119750.
479
Calculate the greatest common divisor of 10251 and 2520607.
1139
Calculate the greatest common divisor of 226634 and 94.
94
What is the highest common factor of 23 and 240350?
23
Calculate the greatest common divisor of 40 and 206860.
20
What is the highest common factor of 755 and 45602?
151
Calculate the highest common divisor of 340 and 37655.
85
What is the highest common divisor of 161857 and 34?
17
What is the highest common divisor of 115 and 2065?
5
What is the highest common divisor of 380938 and 3476?
158
What is the highest common factor of 16765 and 3395?
35
What is the greatest common divisor of 660 and 223620?
60
What is the highest common factor of 1094110 and 184?
46
Calculate the highest common factor of 1161 and 1591.
43
What is the greatest common divisor of 69032 and 232?
8
What is the highest common factor of 89699 and 19?
19
Calculate the highest common divisor of 1329 and 1833577.
443
What is the greatest common divisor of 37763 and 88?
11
Calculate the greatest common divisor of 203944 and 5936.
424
Calculate the greatest common divisor of 6079 and 1.
1
Calculate the greatest common divisor of 2709 and 41832.
63
Calculate the greatest common factor of 44 and 8350848.
44
What is the greatest common factor of 854 and 2316902?
854
What is the greatest common divisor of 53718 and 21?
21
Calculate the highest common factor of 496 and 194618.
62
Calculate the highest common factor of 888384 and 35.
7
Calculate the greatest common factor of 2248375 and 25.
25
Calculate the highest common divisor of 1676950 and 1100.
550
Calculate the greatest common divisor of 2030 and 27790.
70
Calculate the highest common divisor of 24362 and 26.
26
Calculate the highest common factor of 3654 and 2898.
126
What is the highest common factor of 319383 and 18?
9
Calculate the greatest common divisor of 2923 and 740.
37
Calculate the greatest common divisor of 38418 and 79532.
674
What is the highest common divisor of 148 and 408406?
74
What is the highest common divisor of 294661 and 17?
17
What is the highest common divisor of 78 and 267?
3
Calculate the highest common factor of 314655 and 30512.
1907
Calculate the greatest common divisor of 4054 and 14.
2
Calculate the greatest common divisor of 242 and 10406.
242
What is the greatest common divisor of 90 and 16245?
45
What is the greatest common factor of 840 and 119070?
210
Calculate the greatest common factor of 12 and 34094.
2
What is the highest common factor of 130458 and 459?
51
Calculate the greatest common factor of 1837603 and 1439.
1439
What is the greatest common divisor of 2599 and 3?
1
Calculate the highest common factor of 339484 and 4.
4
Calculate the greatest common divisor of 27 and 90369.
27
Calculate the greatest common divisor of 117 and 372150.
9
Calculate the highest common factor of 3764 and 815847.
941
Calculate the greatest common factor of 1103490 and 30.
30
Calculate the highest common divisor of 2839 and 21209.
167
What is the greatest common divisor of 46 and 984101?
23
What is the highest common divisor of 16100 and 2852?
92
Calculate the greatest common factor of 108 and 88884.
108
Calculate the highest common factor of 76 and 87742.
38
What is the highest common factor of 3463712 and 96?
32
What is the greatest common factor of 550 and 225?
25
What is the highest common factor of 365 and 6497?
73
Calculate the highest common divisor of 103434 and 6.
6
What is the greatest common divisor of 2004 and 2839?
167
Calculate the greatest common divisor of 1089 and 332387.
121
Calculate the greatest common divisor of 5763668 and 346.
346
What is the highest common factor of 12 and 7219224?
12
Calculate the greatest common factor of 15610 and 63.
7
Calculate the highest common factor of 316 and 3598924.
316
What is the highest common factor of 320 and 2102080?
320
Calculate the highest common divisor of 113793 and 1743.
249
What is the greatest common divisor of 1848138 and 102?
102
What is the greatest common divisor of 1308 and 380846?
218
What is the highest common divisor of 23249 and 201?
67
What is the greatest common factor of 3 and 5692?
1
Calculate the highest common factor of 89 and 64881.
89
What is the highest common factor of 35658 and 584395?
1981
What is the highest common divisor of 831 and 4709?
277
Calculate the highest common factor of 31313 and 11.
1
Calculate the highest common divisor of 1139456 and 16.
16
Calculate the highest common factor of 324 and 71280.
324
What is the highest common divisor of 65800 and 1792?
56
Calculate the highest common divisor of 57720 and 416.
104
What is the greatest common factor of 298490 and 30?
10
Calculate the highest common factor of 11384 and 476705.
1423
Calculate the greatest common divisor of 396 and 25971.
33
Calculate the highest common factor of 1580 and 7760.
20
Calculate the highest common factor of 1089 and 6138.
99
Calculate the highest common divisor of 9388860 and 780.
780
What is the greatest common factor of 54 and 1800?
18
Calculate the highest common factor of 1133 and 11.
11
Calculate the highest common factor of 9604 and 112.
28
What is the greatest common factor of 2114 and 7567?
7
What is the highest common factor of 40835 and 50?
5
Calculate the greatest common divisor of 948 and 23244.
12
Calculate the highest common factor of 18 and 588159.
9
What is the highest common factor of 9513 and 441?
63
What is the highest common divisor of 214476 and 366?
366
What is the highest common divisor of 92 and 43378?
46
Calculate the highest common divisor of 48 and 5238.
6
Calculate the highest common divisor of 744 and 16554.
186
Calculate the highest common factor of 190 and 2245990.
190
What is the highest common divisor of 3164870 and 955?
955
What is the greatest common factor of 71350 and 50?
50
What is the greatest common factor of 8500 and 7625?
125
What is the highest common factor of 11645 and 87680?
685
Calculate the highest common factor of 2424 and 25608.
24
What is the highest common divisor of 1576 and 12411?
197
What is the highest common factor of 67 and 1675?
67
What is the highest common divisor of 10188 and 9036?
36
Calculate the highest common factor of 1380 and 8832.
276
Calculate the greatest common divisor of 152392 and 1032.
344
What is the greatest common divisor of 6780460 and 20?
20
What is the greatest common factor of 122679 and 258?
129
Calculate the highest common factor of 320450 and 7650.
850
Calculate the highest common divisor of 1085 and 875.
35
Calculate the highest common divisor of 4560 and 874.
38
What is the greatest common divisor of 52915 and 4655?
95
Calculate the highest common factor of 720 and 326520.
360
Calculate the highest common divisor of 671 and 8767.
11
Calculate the greatest common factor of 1224 and 8211.
51
What is the greatest common factor of 164 and 181?
1
What is the highest common factor of 118 and 89090?
118
What is the greatest common factor of 1756 and 46973?
439
What is the greatest common divisor of 23694 and 99?
33
Calculate the highest common factor of 2575 and 625.
25
What is the greatest common factor of 5632 and 1040?
16
Calculate the highest common factor of 800991 and 2196.
549
What is the greatest common divisor of 26244 and 378?
54
Calculate the greatest common factor of 4060 and 80.
20
What is the highest common divisor of 1372 and 6858628?
1372
Calculate the greatest common divisor of 483 and 2373.
21
Calculate the highest common divisor of 986 and 6612.
58
What is the highest common divisor of 251599 and 7775?
311
Calculate the highest common divisor of 3836 and 12604.
548
Calculate the greatest common divisor of 9 and 1507203.
9
What is the highest common factor of 77 and 630707?
77
Calculate the greatest common factor of 45 and 16011.
9
What is the highest common divisor of 813 and 4607?
271
Calculate the highest common divisor of 282744 and 10152.
216
What is the greatest common factor of 189 and 2403?
27
What is the highest common factor of 142088 and 112?
8
What is the highest common divisor of 322 and 1106?
14
What is the highest common divisor of 2480452 and 52?
52
Calculate the greatest common divisor of 3104 and 2304.
32
Calculate 